t s be d(8). Let c = 2 - s. Let b be -14*(2 - (-2 + 5)). Calculate the highest common factor of b and c.
2
Let y = -34 + 62. What is the greatest common factor of y and 28?
28
Let t(w) = w**3 - 5*w**2 - 3*w + 3. Let q be t(6). Calculate the greatest common divisor of q and 168.
21
Let r(h) = -3*h**3 - 4*h**2 - 8*h - 4. Let a be r(-3). Calculate the highest common divisor of a and 26.
13
Suppose -4 + 7 = y. Let d = -15 + 18. Calculate the highest common divisor of y and d.
3
Suppose 2*d = -0*d + 30. Let w be 2/(-6)*0/(-5). Let z be 57 + (2 - -1) + w. Calculate the highest common divisor of d and z.
15
Let q = 30 - -2. Suppose -f = 2*f - 3, -i - 5*f - 2 = 0. Let h = i + 11. What is the greatest common divisor of h and q?
4
Let y = -7 - -15. Let k = 8 - y. Suppose -3*j + k*i + i + 26 = 0, 0 = 5*i - 20. What is the greatest common divisor of 25 and j?
5
Let a(d) = d**2 + 11. Let q be a(0). Let u be 2/(-2) + 2 + 45 + -2. What is the highest common factor of u and q?
11
Let g = 96 - 15. Let k = 141 - g. Suppose -7 = -4*t - 23, b - k = t. Calculate the greatest common divisor of 8 and b.
8
Let r be 4/(-22) - (-9256)/88. Calculate the greatest common factor of 21 and r.
21
Suppose 0 = -3*v - 2*v + 5*r + 365, -v + 5*r + 53 = 0. Calculate the greatest common divisor of 52 and v.
26
Let g be ((-140)/(-15))/(1/(-3)). Let n = g - -8. Let m be (n/2)/(-2 - 0). Calculate the highest common divisor of m and 1.
1
Let k = 32 + -27. Calculate the greatest common divisor of k and 2.
1
Let p = -3 - -5. Let u be 1 - (0 - 2)/p. Suppose 6 = -n + u, -b + 3*n = -129. What is the greatest common factor of 13 and b?
13
Let s be 30/(-6)*(-29 - -2). What is the greatest common factor of 27 and s?
27
Let w be 4*(-68)/(-16) + -2. Calculate the greatest common factor of w and 120.
15
Let s be (3 + 1)/(1/6). Calculate the greatest common factor of 3 and s.
3
Let g(t) = 28*t + 7. Let v(f) = 28*f + 7. Let l(j) = 3*g(j) - 2*v(j). Let w be l(6). Calculate the greatest common factor of 25 and w.
25
Let b(a) = a**2 - 1 + 3*a**2 - 3*a**2 + 20*a**3. Let u be b(1). Calculate the highest common factor of u and 50.
10
Let l be (-2)/10 - (-124)/20. Let x be (164 + 0)/(3/l). Suppose 4*w = 192 + x. What is the highest common divisor of w and 13?
13
Let p = -1 - -4. Suppose p*n - 5*n = -22. Calculate the greatest common factor of n and 33.
11
Let g be ((-4)/8)/((-1)/2088). Suppose 78 = 2*m - g. Suppose 0*c = -2*c - 3*y + 227, -5*c = y - m. Calculate the greatest common divisor of c and 14.
14
Let q be ((-2)/(-3))/((-2)/18). Let a be 4/q - (-112)/6. Let m = 6 + a. Calculate the greatest common divisor of 6 and m.
6
Suppose -c = 5*q - 16, 2*c - 1 = -q + 4*c. Suppose 4*d - 2 = 3*b, q*d + 0*b - 2*b - 2 = 0. What is the greatest common divisor of 22 and d?
2
Suppose -l - n = -2*l + 7, 2*l - 26 = 5*n. Suppose -1 = -g + l. What is the highest common divisor of g and 6?
2
Let n(g) = g**2 + g + 3. Let b be n(0). What is the greatest common divisor of 24 and b?
3
Let h = -26 + 38. Suppose w - 5*w = -h. Suppose w*u = -107 + 299. What is the greatest common factor of 8 and u?
8
Let f = 31 + 4. Let b = -20 + 27. What is the greatest common divisor of b and f?
7
Let x(q) = -q**2 - 12*q + 4. Let l be x(-9). What is the greatest common factor of 31 and l?
31
Let h = 56 - 16. Let u = -28 + h. What is the greatest common factor of u and 4?
4
Let l(a) = 8*a. Let t be l(5). Calculate the greatest common factor of t and 5.
5
Suppose f - 354 = -4*j + 3*f, -4*j = 2*f - 350. Let h(x) = -x**3 + 3*x**2 + 4*x - 1. Let q be h(2). What is the highest common factor of q and j?
11
Let a = 2 - 1. Let b be (3 - 4) + 2*2. Suppose 15 = 2*o + b*o. Calculate the greatest common divisor of a and o.
1
Suppose 236 = 4*s - 5*r - 0*r, -r = 4. Calculate the greatest common factor of 135 and s.
27
Let c = 4 - 4. Let n be c - 0 - (-12 + 0). Let d be (10/3)/(n/126). Calculate the greatest common factor of d and 7.
7
Let g(a) = 3*a - 7. Let h be g(4). Suppose 0 = -3*w + 2*w + 25. What is the greatest common factor of h and w?
5
Suppose 2*b = 1 + 9. Suppose -m + 4 = 3. What is the highest common factor of m and b?
1
Let y(f) = -2*f - 1. Let u be y(-2). Suppose 0 = -u*h - h + 288. Calculate the highest common factor of h and 9.
9
Let h = 20 + -14. Let n(r) = 2 - 3*r + 2 + 4*r. Let u be n(h). What is the highest common divisor of 90 and u?
10
Let k = -83 - -115. What is the highest common factor of 352 and k?
32
Suppose 0 = -2*n + 5*f + 175, -3*n + 4*f = 2*f - 257. Calculate the highest common factor of n and 17.
17
Suppose -2*d = 4*p + 80, 4*d = -p - 4*p - 100. Let w = -12 - p. What is the greatest common factor of 8 and w?
8
Let c(b) = 19*b - 20. Let x be c(5). Suppose 2*f + 2*p - 7 - 55 = 0, p + 119 = 4*f. Calculate the greatest common divisor of f and x.
15
Let c = -43 - -53. What is the greatest common divisor of 30 and c?
10
Suppose -6 = -p + l + 2, -4*p + 5*l = -28. Let u = -7 + p. Suppose u*q - 93 - 7 = 0. Calculate the greatest common factor of 5 and q.
5
Let q = -18 + 20. Suppose 0 = q*v - 51 - 39. Calculate the greatest common divisor of 9 and v.
9
Suppose -2 = -4*r + 18. Suppose q = 4*o - 70, r*o + 0*q = -4*q + 98. Let j be 45*1*3/3. What is the greatest common divisor of o and j?
9
Suppose -2*s + 79 = -121. Let c = -36 - -56. Calculate the greatest common factor of s and c.
20
Let b(i) = -i**2 - 25*i + 12. Let t be b(-25). Calculate the greatest common factor of 3 and t.
3
Let a be -10*1*(-1)/2. Let z be 3 - (-3 - (-5 - -3)). Suppose -z*u + 76 = 4*r, u = -5*r + 28 + 71. What is the highest common factor of r and a?
5
Suppose -2*x + 59 = -2*o - o, 2*o + 38 = 2*x. Let c be 7/o - 43/(-3). What is the greatest common divisor of c and 14?
14
Let v(w) = -w - 4 - 4*w - w**2 + 0*w. Let r be v(-3). Suppose 31 + r = 3*i. What is the greatest common divisor of i and 55?
11
Suppose -3*w + 0*y + 27 = -y, 5*w - 4*y = 45. Let p = -2 + w. What is the greatest common factor of p and 28?
7
Suppose 2*u + 3*u = 0. Suppose 358 = 3*m - 5*o, -4*o = -u*m - 2*m + 236. Calculate the highest common factor of 14 and m.
14
Suppose -684 = -4*r - h, 0 = 5*r + 3*h - 264 - 584. Calculate the greatest common factor of r and 43.
43
Let r = 3 - -1. Let z be 98/r + 4/(-8). Suppose 108 = -2*v + 5*v. What is the highest common divisor of z and v?
12
Let g(z) = z**2 - 10*z + 8. Let n be g(16). What is the highest common factor of n and 13?
13
Suppose -f + 31 = 3*a, 4*a - 44 = 2*a + 4*f. Suppose 5*p = 3*n - 0 - 4, -p - a = 5*n. Let g be -9*(-1)/(-3)*n. Calculate the greatest common factor of 30 and g.
6
Let v be 2/(-1) + 262 - -1. Suppose 0*b - 3*m + 143 = 2*b, 4*b + m = v. Calculate the greatest common divisor of b and 16.
16
Suppose 0 = 5*k + 3*x - 219, k - 4*k - 4*x = -127. Suppose 0*v + 2*v = -2*r + 46, 0 = -2*r - v + k. What is the highest common divisor of 2 and r?
2
Let p = -35 - -18. Let k = -7 - p. Let u = k - 0. Calculate the greatest common divisor of u and 5.
5
Suppose -5*h = -3*t + t + 8, 4*t + 4*h - 72 = 0. Suppose -t*n + 9 = -11*n. What is the greatest common divisor of 1 and n?
1
Suppose -4*i + 2*m = 15 + 5, -22 = 2*i - 4*m. Let l be ((-232)/10)/(i/15). Let w be l/14 + 4/(-14). Calculate the highest common factor of w and 1.
1
Suppose -5*g + 3*r = -85, -3*g - 4*r = -4*g. Let f = -19 + g. Suppose 0 = 5*x + 2*c - 5, -3*x + 4*c + 2 + 1 = 0. Calculate the highest common factor of f and x.
1
Let r(f) = -21*f - 39. Let g be r(-5). What is the greatest common divisor of g and 22?
22
Let i(p) = 8*p + 42. Let g be i(-5). Calculate the highest common factor of g and 1.
1
Let a be (-7)/(-2) - (-3)/6. Suppose 2*l + a*o = 3*o, 5*l - o - 14 = 0. Let f be (l*-1)/(4/(-24)). What is the greatest common divisor of f and 18?
6
Let j(z) = 2*z**3 - 6*z**2 - 6*z. Let k be j(5). Calculate the highest common factor of k and 10.
10
Suppose 3*r - z - 5 = 11, 3*r = -3*z. Let t = 659 + -405. Suppose 5*q - t = -74. Calculate the greatest common divisor of r and q.
4
Suppose 2*s - 9 - 15 = 0. Suppose 0*j + 6 = 3*j - 4*c, 5*c = -5*j - 25. Let l be (j + 8 + 0)*6. Calculate the highest common divisor of s and l.
12
Let c = 28 - 25. Suppose f = -f + 18. Calculate the greatest common divisor of c and f.
3
Let p(h) = 7*h + 49*h**2 - 3 - 7*h + 2. Let q be p(1). What is the highest com